
Let a(n) = 929*n + 106834. Calculate a(-115).
-1
Let y(a) = -a**3 - 45*a**2 + 90*a - 164. Calculate y(-47).
24
Let w(c) = -c**3 - 81*c**2 - 383*c - 7. What is w(-5)?
8
Let i(l) = l**2 + 65*l + 668. Calculate i(-53).
32
Let s(g) = 60*g + 94. Calculate s(-2).
-26
Let n(y) = y**3 - 32*y**2 + 83*y + 110. Determine n(29).
-6
Let k(d) = -62*d**3 + 6*d**2 + 20*d + 17. Give k(-2).
497
Let j(s) = -s**3 + 182*s**2 + 1126*s + 368. Determine j(188).
-8
Let j(r) = 4*r**2 - 205*r + 790. Calculate j(47).
-9
Let k(d) = -d**3 - 68*d**2 - 956*d + 125. What is k(-20)?
45
Let i(p) = p**3 - 58*p**2 - 4339*p + 176. Determine i(-43).
4
Let h(s) = 37*s**3 - 3*s**2 + 9*s + 4. Determine h(-1).
-45
Let n(x) = 89*x**2 - 48*x + 9. Give n(1).
50
Let m(k) = -k**3 + 14*k**2 - 24*k + 1. What is m(12)?
1
Let n(a) = 781*a**2 + 26*a + 27. Calculate n(-1).
782
Let g(j) = 30*j**3 + 2*j**2 - 3*j - 3. What is g(-1)?
-28
Let k(t) = t**2 - 31*t + 158. What is k(7)?
-10
Let g(f) = f**3 + f**2 - 5*f + 7. What is g(0)?
7
Let l(p) = 10*p**2 - 10*p - 55. What is l(3)?
5
Let h(g) = -27*g - 1124. Calculate h(-43).
37
Let y(o) = 2*o**3 - 13*o**2 - 116*o + 549. Calculate y(4).
5
Let f(y) = -6*y**2 - 3*y + 15. Give f(5).
-150
Let a(w) = -113*w - 1470. Calculate a(-13).
-1
Let p(d) = 17*d - 126. Calculate p(4).
-58
Let b(s) = -s**3 - 10*s**2 + 5*s + 80. Give b(-6).
-94
Let w(n) = -n**3 - 26*n**2 + 227*n - 157. Give w(-33).
-25
Let r(j) = 2*j**3 + 7*j**2 + 2*j + 1. Determine r(-1).
4
Let q(b) = -8*b**3 + 2*b**2 + 35*b - 74. Determine q(3).
-167
Let h(z) = -z**3 - 65*z**2 - 187*z - 66. What is h(-62)?
-4
Let g(k) = -14*k - 22. Determine g(34).
-498
Let q(s) = -s**2 - 71*s. Calculate q(0).
0
Let k(p) = -3*p**2 + 405*p - 5087. Give k(14).
-5
Let m(h) = -h**2 - 322*h + 3215. Give m(10).
-105
Let l(u) = 29*u - 1818. Determine l(64).
38
Let k(p) = 68*p**2 + 3944*p + 31. Give k(-58).
31
Let q(a) = -2*a**3 - 26*a**2 + 12*a + 135. Calculate q(-13).
-21
Let k(t) = t**3 - 22*t**2 + 113*t - 15. Calculate k(14).
-1
Let a(v) = -559*v - 3351. Determine a(-6).
3
Let t(v) = 7*v**3 + 3*v**2 - 171*v - 174. Determine t(-1).
-7
Let f(w) = -12*w**2 - 13*w + 24. What is f(3)?
-123
Let u(x) = 14*x + 177. Determine u(-24).
-159
Let g(l) = -l**3 + 18*l**2 - 45*l + 1206. Determine g(19).
-10
Let u(f) = 11*f**2 - 11*f + 7. What is u(2)?
29
Let t(c) = -4*c**3 + 17*c**2 + 10*c + 28. Give t(5).
3
Let k(i) = -199*i - 24894. Give k(-125).
-19
Let o(z) = 242*z + 1151. Calculate o(-5).
-59
Let g(t) = -t**2 + 93*t - 1894. Give g(29).
-38
Let o(a) = -30*a**2 + 670*a - 665. Give o(1).
-25
Let x(y) = -2*y**2 + 159*y - 1329. Calculate x(70).
1
Let s(y) = -3*y**3 - 31*y**2 - 9*y - 23. Determine s(-9).
-266
Let k(y) = -y**3 - 18*y**2 - 28*y - 134. Give k(-13).
-615
Let m(f) = 3*f - 44. What is m(-5)?
-59
Let r(p) = -p**3 + 24*p**2 + 21*p + 44. What is r(25)?
-56
Let x(s) = -9*s**2 - 17*s + 34. Give x(2).
-36
Let j(g) = -g**3 - g**2 + 14*g + 27. What is j(-2)?
3
Let o(s) = 18*s - 677. Determine o(17).
-371
Let i(y) = y**3 - 6*y**2 - 54*y + 251. What is i(4)?
3
Let w(y) = 23*y + 193. What is w(-10)?
-37
Let t(v) = -9*v - 334. What is t(-36)?
-10
Let a(y) = 46*y**2 + 826*y - 58. Determine a(-18).
-22
Let b(t) = -3*t**2 - 354*t - 2935. Give b(-9).
8
Let s(u) = u**3 - 23*u**2 - 178*u + 118. What is s(29)?
2
Let u(o) = -214*o + 53093. Calculate u(248).
21
Let h(r) = -3*r + 77. What is h(18)?
23
Let u(p) = p**2 + 21*p + 34. Calculate u(-4).
-34
Let o(v) = 344*v - 5841. Determine o(17).
7
Let d(f) = -f**3 + 2*f**2 - 4*f - 13. Give d(6).
-181
Let k(q) = q**3 + 18*q**2 - 323*q + 56. Give k(11).
12
Let a(q) = q**2 + 25*q + 1. Determine a(-20).
-99
Let i(o) = -7*o**3 - 646*o**2 - 182*o + 57. Determine i(-92).
-127
Let o(v) = -6*v**2 - 14*v - 65. What is o(-9)?
-425
Let k(r) = r**2 - 75*r + 1152. Determine k(22).
-14
Let r(d) = 738*d - 16232. What is r(22)?
4
Let h(i) = -5*i**2 + 60*i + 18. Give h(12).
18
Let q(t) = -612*t - 1836. Determine q(-3).
0
Let c(o) = 5*o**2 + 2232*o + 2225. Determine c(-1).
-2
Let s(d) = 1060*d + 7. Give s(0).
7
Let c(w) = -w**3 - w**2 + 46*w - 13. Calculate c(6).
11
Let j(g) = g**3 - 28*g**2 + 204*g - 3959. Determine j(26).
-7
Let i(h) = 17*h - 1357. Give i(83).
54
Let o(w) = -w**3 + 4*w**2 - 164*w + 661. Give o(4).
5
Let i(b) = -2*b**2 - 105*b + 40. What is i(-51)?
193
Let h(s) = 406*s - 25985. Determine h(64).
-1
Let d(x) = -37*x - 110. What is d(-7)?
149
Let t(g) = g**2 + 38*g + 42. Determine t(-37).
5
Let m(z) = 35*z - 153. Calculate m(14).
337
Let k(f) = 23*f**3 + 13*f**2 + 3*f + 1. Determine k(-2).
-137
Let v(o) = -25*o + 472. Calculate v(18).
22
Let h(i) = 7*i**2 + 4*i + 14. Determine h(-3).
65
Let i(f) = -f**2 - 12*f - 44. Determine i(-6).
-8
Let h(t) = -177*t + 128. Determine h(1).
-49
Let f(c) = -177*c + 10785. Give f(61).
-12
Let t(i) = 4*i**2 - 15*i - 30. Give t(-5).
145
Let v(u) = -2*u - 63. What is v(-48)?
33
Let y(i) = -2*i**3 - 17*i**2 - 9*i + 36. What is y(-8)?
44
Let s(h) = -h + 15. Calculate s(-5).
20
Let z(x) = -x**2 + 50*x - 616. What is z(23)?
5
Let v(x) = 22*x - 880. Calculate v(38).
-44
Let t(b) = 23*b**2 - 17*b + 43. Calculate t(7).
1051
Let q(n) = -70*n**2 + n + 4. Calculate q(-1).
-67
Let p(f) = -451*f**2 + 8116*f + 30. Calculate p(18).
-6
Let a(t) = 216*t - 202. Calculate a(1).
14
Let l(g) = g**3 + 10*g**2 - 18*g - 5. Calculate l(-12).
-77
Let v(g) = 3540*g - 26. Determine v(0).
-26
Let h(n) = n**3 + n**2 - 2*n + 5. What is h(3)?
35
Let x(a) = -3*a**3 + 2*a**2 + 18*a + 12. Determine x(6).
-456
Let b(i) = -199*i - 70. Give b(1).
-269
Let c(s) = 27*s**2 - 4*s - 4. Determine c(-1).
27
Let n(i) = 2*i**2 + 56*i + 12. Give n(-10).
-348
Let z(m) = -m**2 + 111*m - 1509. Give z(95).
11
Let v(a) = 5*a**3 - 425*a**2 + 836*a - 496. Calculate v(83).
2
Let w(g) = -6*g**3 + 415*g**2 - 67*g - 136. Determine w(69).
2
Let j(s) = -s**3 + 11*s**2 + 13*s + 258. Determine j(15).
-447
Let s(k) = 3*k**2 + 48*k - 280. Calculate s(-21).
35
Let g(t) = t**3 - 70*t**2 - 83*t + 881. What is g(71)?
29
Let q(v) = -2*v**3 - 8*v**2 - 42*v - 183. Give q(-6).
213
Let a(z) = 704*z + 4226. Determine a(-6).
2
Let u(j) = 2*j**2 + 9*j - 3385. Determine u(39).
8
Let h(k) = 61*k**2 - 410*k - 115. Give h(7).
4
Let g(m) = 2135*m - 2111. Give g(1).
24
Let k(j) = -j**3 + 4*j**2 - 9*j - 12. Give k(5).
-82
Let r(p) = -3*p**2 + 35*p + 274. Give r(17).
2
Let v(q) = -1958*q + 107688. Calculate v(55).
-2
Let j(g) = -3*g**3 - 4*g**2 + 6*g + 10. Determine j(-4).
114
Let p(i) = -5*i**3 - 100*i**2 + 216*i - 23. What is p(2)?
-31
Let l(v) = -1177*v + 3520. Give l(3).
-11
Let t(k) = -k**3 - 8*k**2 + 53*k + 411. Calculate t(-8).
-13
Let n(t) = -36*t - 773. Determine n(-21).
-17
Let c(q) = -5*q**3 - 11*q**2 + 105*q + 304. Calculate c(-3).
25
Let i(a) = 217*a + 8242. Give i(-38).
-4
Let b(u) = 188*u - 528. What is b(2)?
-152
Let g(f) = -156*f - 13892. Calculate g(-89).
-8
Let x(f) = -1489*f - 81897. What is x(-55)?
-2
Let d(c) = -7316*c + 36577. Give d(5).
-3
Let n(p) = p**3 + 20*p**2 + 114*p + 171. Determine n(-5).
-24
Let g(a) = a**3 + 5*a**2 + 134. Give g(-7).
36
Let v(m) = -m**3 - 27*m**2 + m + 181. Give v(-27).
154
Let r(w) = -2*w**3 - 18*w**2 - 9*w + 60. Give r(-8).
4
Let k(q) = q**3 + 49*q**2 + 138*q - 23. What is k(-46)?
-23
Let d(s) = -4*s**2 + 463*s + 2907. Calculate d(-6).
-15
Let b(m) = -m**3 - 27*m**2 + 69*m + 1174. Give b(-28).
26
Let i(u) = 2*u + 69. Determine i(-14).
41
Let y(b) = -65*b**2 - 716*b + 717. Determine y(1).
-64
Let u(y) = 6*y**2 + 28*y + 11. Calculate u(-2).
-21
Let h(z) = 12*z - 507. Calculate h(39).
-39
Let p(g) = 3*g**2 - 297*g - 1563. Give p(104).
-3
Let j(v) = -950*v - 36103. Calculate j(-38).
-3
Let n(t) = 51*t + 533. Determine n(-9).
74
Let r(l) = 88*l - 3962. Determine r(45).
-2
Let w(r) = -7*r**3 - 3*r**2 - 3. Determine w(3).
-219
Let o(m) = -m**3 + 6*m**2 - 17*m + 25. Calculate o(5).
-35
Let v(z) = z**3 + 7*z**2 - 1076*z - 6535. Determine v(-6).
-43
Let p(x) = 59*x + 202. Determine p(4).
438
Let g(y) = -y**2 - 16*y + 9. Determine g(-13).
48
Let z(r) = r**3 + 21*r**2 + 24*r + 54. Determine z(-20).
-26
Let w(u) = 20*u**3 - 142*u**2 + 24*u - 76. Give w(7).
-6
Let t(s) = -15*s - 284. What is t(-28)?
136
Let s(y) = -40*y**2 - 2198*y + 120. Determine s(-55).
10
Let d(a) = -109*a - 739. Calculate d(-7).
24
Let d(c) = 1